 by 3972.
991
Calculate the remainder when 5033180 is divided by 18710.
190
What is the remainder when 91403 is divided by 44286?
2831
Calculate the remainder when 9491 is divided by 70.
41
What is the remainder when 37548 is divided by 18322?
904
What is the remainder when 238766 is divided by 59421?
1082
What is the remainder when 7618225 is divided by 952276?
17
What is the remainder when 2043700 is divided by 704?
692
What is the remainder when 198581548 is divided by 3?
1
What is the remainder when 244552 is divided by 30546?
184
Calculate the remainder when 13858479 is divided by 2771694.
9
What is the remainder when 9845051 is divided by 103?
2
Calculate the remainder when 547767 is divided by 182589.
0
Calculate the remainder when 16552462 is divided by 17332.
402
Calculate the remainder when 53592169 is divided by 47.
43
What is the remainder when 604963 is divided by 301909?
1145
What is the remainder when 48001 is divided by 15873?
382
Calculate the remainder when 339012 is divided by 826.
352
What is the remainder when 11313140 is divided by 4402?
0
What is the remainder when 749213 is divided by 186840?
1853
Calculate the remainder when 1381431 is divided by 20315.
11
Calculate the remainder when 487780 is divided by 7.
6
What is the remainder when 6191067 is divided by 588?
15
Calculate the remainder when 10484903 is divided by 5242448.
7
What is the remainder when 282846 is divided by 285?
126
What is the remainder when 84177 is divided by 464?
193
What is the remainder when 14267 is divided by 14199?
68
What is the remainder when 4408644 is divided by 18?
12
Calculate the remainder when 109921 is divided by 1130.
311
What is the remainder when 3481950 is divided by 102410?
10
What is the remainder when 821276 is divided by 205314?
20
What is the remainder when 92229 is divided by 11483?
365
What is the remainder when 4591 is divided by 563?
87
Calculate the remainder when 47753 is divided by 2286.
2033
Calculate the remainder when 266050522 is divided by 58.
56
Calculate the remainder when 12280 is divided by 358.
108
What is the remainder when 152544 is divided by 50711?
411
Calculate the remainder when 161655 is divided by 167.
166
What is the remainder when 928439 is divided by 226?
31
Calculate the remainder when 6250866 is divided by 1200.
66
Calculate the remainder when 18618695 is divided by 2659803.
74
What is the remainder when 1387989 is divided by 346956?
165
Calculate the remainder when 52216625 is divided by 202390.
5
Calculate the remainder when 21765644 is divided by 403.
17
Calculate the remainder when 551750 is divided by 137923.
58
Calculate the remainder when 10557707 is divided by 87.
83
Calculate the remainder when 12826431 is divided by 278835.
21
Calculate the remainder when 2628461 is divided by 2627776.
685
What is the remainder when 475531 is divided by 22?
1
What is the remainder when 5656343 is divided by 23?
22
Calculate the remainder when 1050845270 is divided by 21.
20
Calculate the remainder when 104632446 is divided by 108.
102
What is the remainder when 4355220 is divided by 205?
200
What is the remainder when 107150 is divided by 21274?
780
Calculate the remainder when 104575 is divided by 99.
31
Calculate the remainder when 98673 is divided by 49331.
11
Calculate the remainder when 8533294 is divided by 335.
174
Calculate the remainder when 1116606 is divided by 4166.
118
Calculate the remainder when 480602 is divided by 84.
38
What is the remainder when 426181 is divided by 21137?
3441
Calculate the remainder when 2551670 is divided by 360.
350
Calculate the remainder when 665653 is divided by 1235.
1223
Calculate the remainder when 1856027 is divided by 12626.
5
Calculate the remainder when 1576493 is divided by 225211.
16
What is the remainder when 50620354 is divided by 178?
2
Calculate the remainder when 119820877 is divided by 958567.
2
What is the remainder when 1378190 is divided by 28682?
1454
Calculate the remainder when 29052080 is divided by 172.
76
What is the remainder when 409191 is divided by 5?
1
Calculate the remainder when 4348420 is divided by 15.
10
Calculate the remainder when 129763 is divided by 3706.
53
What is the remainder when 5123923 is divided by 2561830?
263
Calculate the remainder when 55381 is divided by 3274.
2997
Calculate the remainder when 45691 is divided by 2071.
129
What is the remainder when 1696277 is divided by 339247?
42
Calculate the remainder when 9278622 is divided by 72.
54
Calculate the remainder when 95681552 is divided by 40.
32
Calculate the remainder when 18274203 is divided by 480900.
3
Calculate the remainder when 2185469 is divided by 31216.
349
What is the remainder when 2322583 is divided by 5071?
65
What is the remainder when 8683606 is divided by 8683591?
15
Calculate the remainder when 61635810 is divided by 3.
0
What is the remainder when 4353657 is divided by 870724?
37
Calculate the remainder when 200337830 is divided by 66779272.
14
What is the remainder when 2847805 is divided by 316409?
124
Calculate the remainder when 4111958 is divided by 85.
83
What is the remainder when 942873 is divided by 513?
492
Calculate the remainder when 66907116 is divided by 55.
1
What is the remainder when 4983751 is divided by 796?
791
Calculate the remainder when 112282 is divided by 1497.
7
What is the remainder when 805631 is divided by 959?
71
What is the remainder when 212270 is divided by 1788?
1286
What is the remainder when 560677 is divided by 186888?
13
Calculate the remainder when 23691890 is divided by 6.
2
What is the remainder when 348148082 is divided by 7795?
7792
What is the remainder when 25071481 is divided by 87?
82
Calculate the remainder when 169404 is divided by 1500.
1404
What is the remainder when 26660 is divided by 1602?
1028
Calculate the remainder when 825005 is divided by 194.
117
What is the remainder when 9047703 is divided by 3792?
3783
What is the remainder when 34089 is divided by 10996?
1101
Calculate the remainder when 2290486 is divided by 49.
30
What is the remainder when 13317212 is divided by 46?
28
Calculate the remainder when 1142744 is divided by 71412.
152
What is the remainder when 154464509 is divided by 508?
505
Calculate the remainder when 6736293 is divided by 962316.
81
What is the remainder when 2824453 is divided by 294?
289
Calculate the remainder when 317401 is divided by 3174.
1
What is the remainder when 11317922 is divided by 323369?
7
What is the remainder when 111580683 is divided by 27?
24
What is the remainder when 709167 is divided by 16884?
39
What is the remainder when 10935579 is divided by 10935578?
1
Calculate the remainder when 3229182 is divided by 31.
5
What is the remainder when 4600239 is divided by 955?
4
What is the remainder when 43900 is divided by 340?
40
Calculate the remainder when 1120055 is divided by 4275.
5
Calculate the remainder when 6664800 is divided by 6664766.
34
Calculate the remainder when 191832 is divided by 38353.
67
Calculate the remainder when 6791173 is divided by 1084.
997
What is the remainder when 11958 is divided by 1896?
582
What is the remainder when 316829 is divided by 384?
29
Calculate the remainder when 13043993 is divided by 6521992.
9
What is the remainder when 108581 is divided by 13570?
21
Calculate the remainder when 6282908 is divided by 29.
0
Calculate the remainder when 305264 is divided by 8249.
51
Calculate the remainder when 19720 is divided by 729.
37
Calculate the remainder when 1026414 is divided by 383.
357
What is the remainder when 1701224 is divided by 6279?
5894
What is the remainder when 7028107 is divided by 3699?
7
What is the remainder when 51896731 is divided by 151?
145
Calculate the remainder when 54907205 is divided by 115.
110
What is the remainder when 1352282 is divided by 45?
32
Calculate the remainder when 70254957 is divided by 70254957.
0
Calculate the remainder when 657998 is divided by 72.
62
Calculate the remainder when 684166 is divided by 113976.
310
Calculate the remainder when 139036 is divided by 732.
688
What is the remainder when 4312196 is divided by 79855?
26
Calculate the remainder when 426824 is divided by 42510.
1724
What is the remainder when 21046219 is divided by 915050?
69
What is t